ne n(-5).
4
Suppose h + 0*h + 5*a = 13, -45 = -5*h - 5*a. Let w(i) = -3*i**2 - 14*i - 25. Let c(m) = 5*m**2 + 21*m + 38. Let y(b) = 5*c(b) + 8*w(b). Determine y(h).
-2
Suppose 5*v + 4 = 14. Let g(a) = -4*a**v - 5*a - 6 + 3*a**3 - a**3 - a**3. Let p = -12 + 17. What is g(p)?
-6
Let r(v) = v**3 + v + 1. Let g be r(0). Suppose -3*n - 3*h = -30, n + 4 = -4*h + 26. Let y(x) = 3*x + 2*x + 3*x**2 - n*x. What is y(g)?
2
Let w(b) be the second derivative of b**3/6 + 4*b. Let m(c) = c + 9. Let u be m(-4). Determine w(u).
5
Suppose w = 3*w + 2*a + 12, 3*a = -3. Let f(s) = -s + 5. What is f(w)?
10
Let v(q) be the first derivative of q**3/3 + q**2/2 + 2*q - 13. Calculate v(-2).
4
Let v(p) = -7 + p + p - 2*p**3 - 5*p**2 + 10*p**2 + p**3. Give v(5).
3
Let x(r) = -r**3 + r**2 - 1. Suppose 2*l - t = 2, 2*t = -4*l - 0*t - 12. Determine x(l).
1
Let w(o) = -16*o + 10. Let c(b) = -11*b + 7. Let g(y) = -7*c(y) + 5*w(y). Suppose v + 5*i + 3 = i, -5*v = 2*i - 3. Let t = v + 1. Determine g(t).
-5
Let f(o) = o + 1. Let n be f(-6). Let q(t) = -t**3 + 1 + 396*t**2 + t - 401*t**2 + 0*t**3. Give q(n).
-4
Suppose 3*r = r + 6. Let k(m) be the second derivative of -m**4/12 - 2*m**3/3 + 3*m**2/2 - 2*m + 2. What is k(r)?
-18
Let w(n) = -n**2 - 5*n - 2. Let b = -3 + 8. Suppose 4*a = a + b*g - 17, 3*a + 13 = g. Determine w(a).
2
Let b be (1 + 0)/(-1)*1. Let o = b - 1. Let d(t) = -8*t - 4. Let i(x) = 7*x + 3. Let j(a) = -3*d(a) - 4*i(a). Give j(o).
8
Let d(x) = x**2 - x - 4. Suppose 2*i = -c - 5, -2*i - 5 - 10 = 3*c. Let q = c - -8. Calculate d(q).
2
Let t(v) be the first derivative of 11*v**3/3 - v**2 + 2*v + 3. Let b be t(2). Let i be b/(-10) - 3/(-15). Let f(y) = y**2 + 4*y + 5. Give f(i).
5
Let g(s) = s - 2. Let u = 17 - 65. Let y be (u/20 - -3)*5. Calculate g(y).
1
Let z be 0 - (-51)/21 - 27/63. Let o be 1 + (2 - (1 - 1)). Let w(r) = 2*r + 2*r - o*r - r**2. Give w(z).
-2
Let x(q) be the third derivative of -q**6/20 + q**5/10 + q**4/3 + 2*q**3/3 - 3*q**2. Let s(z) = z**3 - z**2 - z - 1. Let o(n) = -5*s(n) - x(n). Calculate o(2).
-1
Let i(h) be the first derivative of h**3/3 - 3*h**2/2 - h - 2. Let s be i(4). Let y(d) = -2*d - d**2 + d**s + 2 + 4*d - 4*d**2. What is y(4)?
-6
Let s = -191 - -187. Let k(a) = -7*a - 6. Let x(l) = 13*l + 11. Let b(d) = -11*k(d) - 6*x(d). Let j(v) = 6*v + 5. Let r(q) = 3*b(q) + j(q). Calculate r(s).
-7
Let v(f) = 2*f + 4. Let r = -117 + 113. Calculate v(r).
-4
Let n(l) = l. Let r(t) = t + 1. Let g(c) = 2*n(c) - 3*r(c). Calculate g(-5).
2
Let x(a) be the third derivative of a**4/12 + a**2. Suppose -2*n + 1 = -3*d, -d + 0*d + 2*n = 7. Calculate x(d).
6
Suppose 5*z + 23 = 2*j, 4*j - 5*z - 9 - 12 = 0. Let p = -4 - j. Let v(t) = -t**3 - 3*t**2 - t - 2. Give v(p).
1
Suppose 3*i + i = -20. Let s(n) be the first derivative of n**3/3 + 5*n**2/2 - n + 267. Calculate s(i).
-1
Suppose 4*v = -5*r + 89, 4 = 2*v - 2*r - 18. Let h = 10 - v. Let f(j) = -j**3 - 6*j**2 - 5. Calculate f(h).
-5
Let g(c) = 7*c**2 + 6*c - 5. Let a(w) = -w**2 + 3*w - 7. Let i(s) = s**2 + 1. Let v(p) = a(p) + 5*i(p). Let l(u) = 3*g(u) - 5*v(u). Give l(-4).
-1
Suppose 5*v + 80 = 10. Let s be (-4)/v - (-46)/(-14). Let t(f) = -1. Let x(o) = o - 1. Let d(q) = -3*t(q) + 2*x(q). Calculate d(s).
-5
Let p be 12/162*9 + (-22)/6. Let k(a) = -3*a**2 - 5*a - 3. Calculate k(p).
-15
Let f(o) = o - 10. Let j(s) = s - 10. Let a(x) = 4*f(x) - 5*j(x). Determine a(9).
1
Let j(r) = r + 1. Let l(z) = 9*z + 2. Let n(i) = 5*j(i) - l(i). Determine n(3).
-9
Suppose 3*p + 11 = s, 5*s + 3*p - 13 = 4*p. Suppose 3*t - s*t + 2 = 0. Let l(a) = 2*a**2 + 3*a + 2. What is l(t)?
4
Let k be -5*(-8)/10 + -3. Let l(a) = a + a**3 - 4*a**3 - 3*a**3. What is l(k)?
-5
Let r(q) = -3*q - 6. Let t(a) = -5*a - 13. Let o(h) = -13*r(h) + 6*t(h). Calculate o(1).
9
Let l(k) = -4*k**2 - 10*k**3 - 4*k - 1 + 2*k + 2*k**2. Determine l(-1).
9
Let m(q) be the first derivative of q**2 - 3*q - 2. Suppose -j = -4*z + z + 3, 2*j = 5*z - 4. Determine m(j).
3
Let t(x) = -3 + x - 5*x + 1 + 0. Calculate t(2).
-10
Let f(u) be the first derivative of 0*u + u**3 - 1 + 3/2*u**2. Let a = 1 + -3. Determine f(a).
6
Let n = 7 + -4. Suppose 0 = -4*w + 11 - n. Let m(u) = 5*u + 9. Let s(r) = r + 2. Let l(c) = -2*m(c) + 9*s(c). What is l(w)?
-2
Let q be (0 + -1 + 5)/(1 + 1). Let s(j) = -j**3 + j**2 + 2. Determine s(q).
-2
Let a(u) = u**2 + u - 3. Let w(q) = q + 1. Let t(o) = -a(o) - 3*w(o). Calculate t(-5).
-5
Let p(c) = c**2 + 2*c + 1. Let r = -1 - -1. Let j be 3/(-6)*(r - -2). Give p(j).
0
Let y(m) be the third derivative of -m**4/8 + m**2 - 4*m. Determine y(4).
-12
Let c = 17 + -17. Let f(b) = b**2 - b - 6. Give f(c).
-6
Let i = -1 + 3. Suppose -3*o = i*o + 10. Let z(b) = 2*b + 1. What is z(o)?
-3
Let j be -3 + (-5)/(1/(-1)). Suppose 0 = -2*f + 2*i, j*i - 3 = 4*f + 1. Let o(v) = -v**2 + 3*v + 2. Give o(f).
-8
Let z(k) = -k**3 - 4*k**2 - 3*k - 1. Let t = -1 + -2. Let b be z(t). Let a(o) = -5*o**3 - 2*o**2 + 1. Give a(b).
4
Let j(o) be the third derivative of -o**7/2520 + o**6/180 + o**5/40 + 5*o**4/24 + o**2. Let r(g) be the second derivative of j(g). Give r(-2).
-9
Suppose -x - 6 = -c - 1, -x = 1. Let t(w) = w**3 - 5*w**2 + 3*w - 1. Determine t(c).
-5
Let j(q) be the third derivative of -q**4/6 + q**3/6 - 3*q**2. Calculate j(-2).
9
Let k(t) = t - 6. Suppose 0 = -3*y + h - 15, -4*h = 2*y - 2*h + 2. Let u = 2 + y. Let p(s) = -4*s + 25. Let v(q) = u*p(q) - 9*k(q). Determine v(3).
1
Suppose 0 = -5*l + 4*l. Suppose l = 5*o + 3 - 13. Let b(z) = z**2 - 2*z + 2. Give b(o).
2
Let r = 51 + -50. Let j(n) be the second derivative of 1/6*n**3 - 1/12*n**4 + 1/2*n**2 + 2*n + 0. What is j(r)?
1
Let l be -4 + (12 - 4) + -4. Let t = -1 - -3. Let v(y) = -7 + 11*y - 11*y + y**3 + y**t. Give v(l).
-7
Let c(x) = x**2 - 2*x. Let t be (3 + -2 - (-5 - -7)) + 3. Give c(t).
0
Let g(y) = -y**2 - y - 1. Let p be -3 - (-1 - -2)*-6. Suppose 5 = -p*r - 5*j - 16, -5*j = -4*r + 7. Determine g(r).
-3
Suppose -1 = 2*f - 13. Suppose -f*b = -b. Let d(o) = b + o**2 - 1 + 4 - 4*o. What is d(4)?
3
Let h(q) = -15*q**2 + 0*q + 12*q**2 - 2 + 0*q + q**3. What is h(3)?
-2
Let a(r) = r + 8. Let f be a(-5). Let d(x) = -x**3 + x**2 + 5*x - 2. What is d(f)?
-5
Suppose 4*u = -4*b + 8, -3*u = 3*b - 7*u + 8. Suppose 6 = 2*y - b. Let a(l) = l**2 - 2*l + 1. Give a(y).
4
Let i(a) = a**3 - 2*a**2 + a + 2. Let z(p) = p**2 - 7*p - 6. Let r be z(8). Calculate i(r).
4
Let l = 0 - -4. Suppose 0 = l*s + s + 15. Let o(u) = -u**2 - 5*u. What is o(s)?
6
Suppose 0 = -y + 3*p - 9, 2*p - 5*p = -4*y. Let d(t) be the third derivative of 1/60*t**5 + 0*t + 0 - 2*t**2 - 1/3*t**3 + 0*t**4. Determine d(y).
7
Let o(u) = -1 - u + 0*u + u**3 - 1. Give o(0).
-2
Suppose 11 = -2*c + 5. Let f(n) = -n**2 - 5*n + 2. Calculate f(c).
8
Let q(k) be the third derivative of k**6/360 - k**5/120 + k**4/8 - 4*k**3/3 + 3*k**2. Let i(l) be the first derivative of q(l). Determine i(0).
3
Let c(h) be the third derivative of -h**4/24 - 10*h**2. Let u be 4/12 + (-2)/6. Suppose n = -u*n. Give c(n).
0
Let u be ((-6)/(-12))/((-6)/(-4)). Let l(f) be the second derivative of u*f**3 - f**2 - 2*f + 0. Give l(-3).
-8
Let q be 9/(-3)*-3 - 2. Let u(r) = -5*r - 10. Let z(m) = -6*m - 11. Let o(d) = q*u(d) - 6*z(d). Determine o(0).
-4
Let j(c) be the first derivative of c**2/2 - 5*c - 2. Let d be j(6). Let g(u) = -u**3 + u**2 - u - 1. Let l(p) = p + 2. Let a(i) = -g(i) - l(i). What is a(d)?
-1
Let f(s) be the second derivative of 0 - 1/12*s**4 - 1/6*s**3 - 1/2*s**2 - 2*s. Suppose -4*i - 4 = 2*z, -2*i - 2*z + 3 - 7 = 0. What is f(i)?
-1
Let x(u) = u**2 + 2*u. Suppose 6 = 3*j - 5*j. Calculate x(j).
3
Let a(l) = -l - 10. Let b be a(-7). Suppose -3 = -5*k + 4*k. Let z(v) = -3*v**2 - 3*v**2 + 4*v**2 - 3*v + k. Calculate z(b).
-6
Let m(i) = -4*i**2 - 5*i + 4. Let o(f) = 5*f**2 + 5*f - 5. Let d be (-19)/4 + 3/(-12). Let w(n) = d*o(n) - 6*m(n). Give w(5).
1
Let t(s) = 5*s - 21. Let i(w) = -2*w + 10. Let o(k) = -7*i(k) - 3*t(k). Let j(b) = -b - 7. Let x(g) = 3*j(g) - 4*o(g). Determine x(-6).
1
Let w(x) = 5*x**3 - x**2 - x + 1. Let s be w(1). Let y be ((-6)/s)/(6/(-16)). Let g(c) = -2*c + 2. Determine g(y).
-6
Let y(m) = -m - 6. Let o be y(5). Let b(x) = -8*x**2 - 2*x - 23. Let u(a) = 3*a**2 + a + 8. Let q(k) = o*u(k) - 4*b(k). Give q(-3).
4
Let s(k) = k**3 + 2*k**2 - 2. Let p